{"id":34,"date":"2022-05-10T22:29:42","date_gmt":"2022-05-10T22:29:42","guid":{"rendered":"https:\/\/copabluehotel.com.br\/?page_id=34"},"modified":"2022-07-01T16:08:31","modified_gmt":"2022-07-01T16:08:31","slug":"copacabana","status":"publish","type":"page","link":"https:\/\/copabluehotel.com.br\/index.php\/copacabana\/","title":{"rendered":"Copacabana"},"content":{"rendered":"\n<p><strong>Copacabana<\/strong>&nbsp;<\/p>\n\n\n\n<p>&nbsp;\u00c9 considerado um dos bairros mais famosos e prestigiados do Brasil e um dos mais conhecidos do mundo. Tem o apelido de Princesinha do Mar e Cora\u00e7\u00e3o da Zona Sul. Faz limites com os bairros da Lagoa, Ipanema, Botafogo, Leme e Humait\u00e1.<\/p>\n\n\n\n<p>Mundialmente famosa por conta da sua queima de fogos, a praia de Copacabana \u00e9 muito mais do que o palco do maior R\u00e9veillon do mundo.<\/p>\n\n\n\n<p>A praia mais ic\u00f4nica do pa\u00eds \u00e9 um dos principais atrativos do Rio de Janeiro e seu mar de \u00e1guas calmas, esverdeadas e geladas s\u00e3o um verdadeiro ref\u00fagio para amenizar o calor\u00e3o que faz na cidade, principalmente durante o ver\u00e3o.<\/p>\n\n\n\n<p><\/p>\n\n\n\n<figure class=\"wp-block-gallery has-nested-images columns-default is-cropped wp-block-gallery-1 is-layout-flex wp-block-gallery-is-layout-flex\"><\/figure>\n\n\n\n<figure class=\"wp-block-gallery has-nested-images columns-default is-cropped wp-block-gallery-2 is-layout-flex wp-block-gallery-is-layout-flex\">\n<figure class=\"wp-block-image size-large\"><img loading=\"lazy\" decoding=\"async\" width=\"768\" height=\"1024\" data-id=\"145\" src=\"https:\/\/copabluehotel.com.br\/wp-content\/uploads\/2022\/05\/pexels-karyme-franca-1458036-768x1024.jpg\" alt=\"\" class=\"wp-image-145\" srcset=\"https:\/\/copabluehotel.com.br\/wp-content\/uploads\/2022\/05\/pexels-karyme-franca-1458036-768x1024.jpg 768w, https:\/\/copabluehotel.com.br\/wp-content\/uploads\/2022\/05\/pexels-karyme-franca-1458036-225x300.jpg 225w, https:\/\/copabluehotel.com.br\/wp-content\/uploads\/2022\/05\/pexels-karyme-franca-1458036-1152x1536.jpg 1152w, https:\/\/copabluehotel.com.br\/wp-content\/uploads\/2022\/05\/pexels-karyme-franca-1458036-1536x2048.jpg 1536w, https:\/\/copabluehotel.com.br\/wp-content\/uploads\/2022\/05\/pexels-karyme-franca-1458036-scaled.jpg 1920w\" sizes=\"auto, (max-width: 768px) 100vw, 768px\" \/><\/figure>\n\n\n\n<figure class=\"wp-block-image size-large\"><img loading=\"lazy\" decoding=\"async\" width=\"1024\" height=\"678\" data-id=\"147\" src=\"https:\/\/copabluehotel.com.br\/wp-content\/uploads\/2022\/05\/pexels-roman-volodin-11980060-1024x678.jpg\" alt=\"\" class=\"wp-image-147\" srcset=\"https:\/\/copabluehotel.com.br\/wp-content\/uploads\/2022\/05\/pexels-roman-volodin-11980060-1024x678.jpg 1024w, https:\/\/copabluehotel.com.br\/wp-content\/uploads\/2022\/05\/pexels-roman-volodin-11980060-300x199.jpg 300w, https:\/\/copabluehotel.com.br\/wp-content\/uploads\/2022\/05\/pexels-roman-volodin-11980060-768x509.jpg 768w, https:\/\/copabluehotel.com.br\/wp-content\/uploads\/2022\/05\/pexels-roman-volodin-11980060-1536x1017.jpg 1536w, https:\/\/copabluehotel.com.br\/wp-content\/uploads\/2022\/05\/pexels-roman-volodin-11980060-2048x1356.jpg 2048w\" sizes=\"auto, (max-width: 1024px) 100vw, 1024px\" \/><\/figure>\n\n\n\n<figure class=\"wp-block-image size-large\"><img loading=\"lazy\" decoding=\"async\" width=\"767\" height=\"1024\" data-id=\"146\" src=\"https:\/\/copabluehotel.com.br\/wp-content\/uploads\/2022\/05\/pexels-willian-luiz-7443678-767x1024.jpg\" alt=\"\" class=\"wp-image-146\" srcset=\"https:\/\/copabluehotel.com.br\/wp-content\/uploads\/2022\/05\/pexels-willian-luiz-7443678-767x1024.jpg 767w, https:\/\/copabluehotel.com.br\/wp-content\/uploads\/2022\/05\/pexels-willian-luiz-7443678-225x300.jpg 225w, https:\/\/copabluehotel.com.br\/wp-content\/uploads\/2022\/05\/pexels-willian-luiz-7443678-768x1025.jpg 768w, https:\/\/copabluehotel.com.br\/wp-content\/uploads\/2022\/05\/pexels-willian-luiz-7443678-1151x1536.jpg 1151w, https:\/\/copabluehotel.com.br\/wp-content\/uploads\/2022\/05\/pexels-willian-luiz-7443678-1535x2048.jpg 1535w, https:\/\/copabluehotel.com.br\/wp-content\/uploads\/2022\/05\/pexels-willian-luiz-7443678-scaled.jpg 1919w\" sizes=\"auto, (max-width: 767px) 100vw, 767px\" \/><\/figure>\n<\/figure>\n\n\n\n<p><strong>Hist\u00f3ria<\/strong><\/p>\n\n\n\n<p>A fama de Copacabana come\u00e7ou pelo ano de 1930, quando o bairro possu\u00eda uma aura po\u00e9tica e uma grande tradi\u00e7\u00e3o bo\u00eamia. N\u00e3o foi \u00e0 toa que serviu de inspira\u00e7\u00e3o para diversas poesias, m\u00fasicas e cita\u00e7\u00f5es em livros.<\/p>\n\n\n\n<p><strong>De onde veio o nome<\/strong><\/p>\n\n\n\n<p>Existe v\u00e1rias suposi\u00e7\u00f5es para a origem do nome Copacabana, que batizou a praia mais famosa do Rio de Janeiro. A primeira diz que o termo vem da l\u00edngua qu\u00edchua falada pelo antigo imp\u00e9rio inca, que significa \u201clugar da luz\u201d, \u201cpraia azul\u201d ou \u201cponto de vista azul\u201d. Outras fontes apontam que o termo se originou da l\u00edngua aimara usada na Bol\u00edvia, que significa \u201colhar do lago\u201d.<\/p>\n\n\n\n<p>.<\/p>\n\n\n\n<p><strong>Onde fica e como chegar em Copacabana<\/strong><\/p>\n\n\n\n<p>Copacabana fica na zona sul da cidade. O aeroporto mais pr\u00f3ximo \u00e9 o Santos Dumont, que fica a aproximadamente 10 km de dist\u00e2ncia. J\u00e1 o aeroporto internacional do Gale\u00e3o est\u00e1 bem mais distante, cerca de 30 km. Ou seja, se voc\u00ea est\u00e1 vindo de avi\u00e3o e puder escolher, prefira o aeroporto Santos Dumont.<\/p>\n\n\n\n<p>O bairro tem diversas op\u00e7\u00f5es de transportes p\u00fablico, como metr\u00f4 e \u00f4nibus. Entretanto, chegar at\u00e9 Copa de Uber\/t\u00e1xi ou carro alugado \u00e9 super f\u00e1cil.<\/p>\n\n\n\n<p><strong>Sobre a praia<\/strong><\/p>\n\n\n\n<p>Essa \u00e9 a praia com mais estrutura na cidade.<\/p>\n\n\n\n<p>No total do leme ao Forte s\u00e3o 6 postos.<\/p>\n\n\n\n<p>Em Copacabana ficam os postos 3, 4, 5 e 6.<\/p>\n\n\n\n<p>Toda a extens\u00e3o da orla possui diversas op\u00e7\u00f5es de quiosques, bares, restaurantes com diversos tipos de culin\u00e1rias.<\/p>\n\n\n\n<p>Muitos quiosques oferecem almo\u00e7o e possuem m\u00fasica ao vivo durante o dia e \u00e0 noite. Divers\u00e3o pelo cal\u00e7ad\u00e3o de Copacabana \u00e9 o que n\u00e3o vai faltar.<\/p>\n\n\n\n<p>O cal\u00e7ad\u00e3o com ondas desenhadas em pedras portuguesas foi projetado pelo&nbsp;<a href=\"https:\/\/pt.wikipedia.org\/wiki\/Roberto_Burle_Marx\" target=\"_blank\" rel=\"noreferrer noopener\">paisagista Burle Max<\/a>&nbsp;e \u00e9 mais uma marca registrada da princesinha do mar.<\/p>\n\n\n\n<p>As esculturas nas areias de Copacabana tamb\u00e9m s\u00e3o famosas e irresist\u00edveis para fotografia. Os artistas fazem as esculturas de acordo com a \u00e9poca do ano ou evento que est\u00e1 acontecendo na cidade. Voc\u00ea tira a foto e faz uma contribui\u00e7\u00e3o volunt\u00e1ria.<\/p>\n\n\n\n<h2 class=\"wp-block-heading\">O que fazer na praia de Copacabana?<\/h2>\n\n\n\n<h3 class=\"wp-block-heading\">Forte de Copacabana<\/h3>\n\n\n\n<p>O&nbsp;<a href=\"http:\/\/www.mhexfc.eb.mil.br\/pt-br\/\" target=\"_blank\" rel=\"noreferrer noopener\">Forte de Copacabana<\/a>&nbsp;oferece uma vista panor\u00e2mica da orla e, al\u00e9m disso, abriga o museu hist\u00f3rico do ex\u00e9rcito. A visita vale muito a pena!<\/p>\n\n\n\n<p>.<\/p>\n\n\n\n<h3 class=\"wp-block-heading\">Nascer do sol em Copacabana<\/h3>\n\n\n\n<p>O nascer do sol na praia de Copacabana \u00e9 um dos meus preferidos da cidade. Durante a maior parte do ano, o sol nasce de dentro da \u00e1gua, fazendo com que o espet\u00e1culo fique ainda mais especial.<\/p>\n\n\n\n<p>Mas se voc\u00ea prefere assistir aquele p\u00f4r do sol especial, bem pertinho de Copa esta a pedra do Arpoador, que \u00e9&nbsp;<a href=\"https:\/\/www.tevejopelomundo.com.br\/por-do-sol-no-arpoador\/\" target=\"_blank\" rel=\"noreferrer noopener\">palco do p\u00f4r do sol mais bonito da cidade<\/a>.<\/p>\n\n\n\n<h3 class=\"wp-block-heading\">&nbsp;<\/h3>\n\n\n\n<h3 class=\"wp-block-heading\">Carlos Drummond de Andrade e Dorival Caymmi<\/h3>\n\n\n\n<p>O poeta e o m\u00fasico est\u00e3o bem pr\u00f3ximos, no posto 6. A est\u00e1tua de Drummond est\u00e1 sentada em um banco bem em frente \u00e0 Rua Francisco S\u00e1.<\/p>\n\n\n\n<ul class=\"wp-block-list\"><li>Drummond de Andrade<\/li><\/ul>\n\n\n\n<h2 class=\"wp-block-heading\">&nbsp;<\/h2>\n\n\n\n<h2 class=\"wp-block-heading\">O que fazer pr\u00f3ximo \u00e0 Praia de Copacabana<\/h2>\n\n\n\n<p>Se voc\u00ea gosta de praia, al\u00e9m da praia do Leme (que faz parte da mesma faixa de \u00e1rea de Copa), a pouco conhecida&nbsp;<a href=\"https:\/\/www.tevejopelomundo.com.br\/praia-do-diabo-rio-de-janeiro\/\" target=\"_blank\" rel=\"noreferrer noopener\">praia do Diabo<\/a>&nbsp;est\u00e1 a poucos quil\u00f4metros de dist\u00e2ncia, entre o forte de Copacabana e a pedra do Arpoador.<\/p>\n\n\n\n<p>Caminhando um pouco mais adiante, chegamos a&nbsp;<a href=\"https:\/\/www.tevejopelomundo.com.br\/praia-de-ipanema\/\" target=\"_blank\" rel=\"noreferrer noopener\">Ipanema<\/a>, que \u00e9 uma das principais praias da cidade e, logo depois, a&nbsp;<a href=\"https:\/\/www.tevejopelomundo.com.br\/praia-do-leblon\/\" target=\"_blank\" rel=\"noreferrer noopener\">praia do Leblon<\/a>, que possui todo o charme mostrado nas novelas da TV.<\/p>\n\n\n\n<p>Praia do Leblon<\/p>\n\n\n\n<p>Se ainda te sobrar f\u00f4lego, aproveite para conhecer o&nbsp;<a href=\"https:\/\/www.tevejopelomundo.com.br\/mirante-do-leblon\/\" target=\"_blank\" rel=\"noreferrer noopener\">mirante do Leblon<\/a>&nbsp;e, logo depois, a&nbsp;<a href=\"https:\/\/www.tevejopelomundo.com.br\/praia-do-vidigal\/\" target=\"_blank\" rel=\"noreferrer noopener\">Praia do Vidigal<\/a>.<\/p>\n\n\n\n<p>Se voc\u00ea n\u00e3o \u00e9 muito de praia mas gosta de observar o movimento, pertinho de Copa tem a&nbsp;<a href=\"https:\/\/www.tevejopelomundo.com.br\/mureta-do-leme\/\" target=\"_blank\" rel=\"noreferrer noopener\">mureta do Leme<\/a>&nbsp;para apreciar a orla tomando um bom drink ou uma \u00e1gua de coco.<\/p>\n\n\n\n<p>E para os mais animados, vale muito a pena fazer a&nbsp;<a href=\"https:\/\/www.tevejopelomundo.com.br\/forte-do-leme\/\" target=\"_blank\" rel=\"noreferrer noopener\">trilha do Forte do Leme<\/a>. A vista de cima \u00e9 panor\u00e2mica e maravilhosa. Essa \u00e9 uma das minhas vistas preferidas da cidade Maravilhosa, valendo muito a pena conhecer.<\/p>\n","protected":false},"excerpt":{"rendered":"<p>Copacabana&nbsp; &nbsp;\u00c9 considerado um dos bairros mais famosos e prestigiados do Brasil e um dos &#8230; <\/p>\n<div class=\"text-center\"><a class=\"theme-btn\" href=\"https:\/\/copabluehotel.com.br\/index.php\/copacabana\/\">Read More<\/a><\/div>\n","protected":false},"author":1,"featured_media":294,"parent":0,"menu_order":0,"comment_status":"closed","ping_status":"closed","template":"","meta":{"footnotes":""},"class_list":["post-34","page","type-page","status-publish","has-post-thumbnail","hentry"],"_links":{"self":[{"href":"https:\/\/copabluehotel.com.br\/index.php\/wp-json\/wp\/v2\/pages\/34","targetHints":{"allow":["GET"]}}],"collection":[{"href":"https:\/\/copabluehotel.com.br\/index.php\/wp-json\/wp\/v2\/pages"}],"about":[{"href":"https:\/\/copabluehotel.com.br\/index.php\/wp-json\/wp\/v2\/types\/page"}],"author":[{"embeddable":true,"href":"https:\/\/copabluehotel.com.br\/index.php\/wp-json\/wp\/v2\/users\/1"}],"replies":[{"embeddable":true,"href":"https:\/\/copabluehotel.com.br\/index.php\/wp-json\/wp\/v2\/comments?post=34"}],"version-history":[{"count":10,"href":"https:\/\/copabluehotel.com.br\/index.php\/wp-json\/wp\/v2\/pages\/34\/revisions"}],"predecessor-version":[{"id":579,"href":"https:\/\/copabluehotel.com.br\/index.php\/wp-json\/wp\/v2\/pages\/34\/revisions\/579"}],"wp:featuredmedia":[{"embeddable":true,"href":"https:\/\/copabluehotel.com.br\/index.php\/wp-json\/wp\/v2\/media\/294"}],"wp:attachment":[{"href":"https:\/\/copabluehotel.com.br\/index.php\/wp-json\/wp\/v2\/media?parent=34"}],"curies":[{"name":"wp","href":"https:\/\/api.w.org\/{rel}","templated":true}]}}